 of 1109255289?
8
What is the billions digit of 1727337293?
1
What is the tens digit of 3506696794?
9
What is the hundred millions digit of 5884249514?
8
What is the thousands digit of 345210204?
0
What is the ten thousands digit of 113979895?
7
What is the tens digit of 40060868?
6
What is the hundred thousands digit of 70045308?
0
What is the units digit of 2898945397?
7
What is the ten millions digit of 2550685368?
5
What is the units digit of 116336952?
2
What is the thousands digit of 7899637462?
7
What is the thousands digit of 798589102?
9
What is the tens digit of 146834103?
0
What is the hundred millions digit of 142220748?
1
What is the hundreds digit of 37960253?
2
What is the units digit of 7863934272?
2
What is the tens digit of 60343724?
2
What is the hundred millions digit of 325831347?
3
What is the ten millions digit of 89652005?
8
What is the thousands digit of 350769470?
9
What is the hundred thousands digit of 88473707?
4
What is the thousands digit of 86523118?
3
What is the units digit of 17759163?
3
What is the thousands digit of 120670365?
0
What is the millions digit of 31458569?
1
What is the ten thousands digit of 144610232?
1
What is the ten millions digit of 334812340?
3
What is the units digit of 568008903?
3
What is the hundred thousands digit of 873109953?
1
What is the hundreds digit of 7034149?
1
What is the ten thousands digit of 1546191010?
9
What is the ten millions digit of 25411389?
2
What is the ten thousands digit of 50698148?
9
What is the hundreds digit of 95643457?
4
What is the hundred thousands digit of 8866277952?
2
What is the hundred thousands digit of 376876910?
8
What is the tens digit of 5292678898?
9
What is the thousands digit of 393734346?
4
What is the hundred millions digit of 684428228?
6
What is the hundred thousands digit of 20752976?
7
What is the thousands digit of 5590555114?
5
What is the billions digit of 3235662680?
3
What is the billions digit of 8009675011?
8
What is the millions digit of 2829461026?
9
What is the ten millions digit of 7199913730?
9
What is the units digit of 10529073?
3
What is the hundred millions digit of 631368051?
6
What is the billions digit of 1271986301?
1
What is the units digit of 1090458555?
5
What is the hundred millions digit of 303697654?
3
What is the hundred thousands digit of 1452456886?
4
What is the ten millions digit of 2322898262?
2
What is the hundred thousands digit of 972196450?
1
What is the ten millions digit of 204623788?
0
What is the hundreds digit of 75354384?
3
What is the ten thousands digit of 54090672?
9
What is the units digit of 46051186?
6
What is the hundred thousands digit of 143812313?
8
What is the hundred thousands digit of 99266483?
2
What is the millions digit of 62926076?
2
What is the ten thousands digit of 217759344?
5
What is the units digit of 6419037667?
7
What is the hundred millions digit of 158887281?
1
What is the ten millions digit of 719090808?
1
What is the millions digit of 374569685?
4
What is the hundred millions digit of 1658172799?
6
What is the hundred thousands digit of 57554556?
5
What is the ten millions digit of 7624529067?
2
What is the hundred thousands digit of 341624560?
6
What is the units digit of 13140578?
8
What is the units digit of 13107806?
6
What is the ten millions digit of 218374648?
1
What is the hundreds digit of 315410958?
9
What is the billions digit of 4654623706?
4
What is the ten thousands digit of 687934385?
3
What is the units digit of 51372442?
2
What is the tens digit of 540240794?
9
What is the ten millions digit of 288823794?
8
What is the hundred thousands digit of 1397131208?
1
What is the thousands digit of 169361517?
1
What is the units digit of 18027037?
7
What is the units digit of 172217197?
7
What is the billions digit of 2254040608?
2
What is the hundreds digit of 79197749?
7
What is the thousands digit of 1261982288?
2
What is the tens digit of 5654653499?
9
What is the hundred thousands digit of 68009940?
0
What is the millions digit of 3811153398?
1
What is the ten thousands digit of 485947307?
4
What is the billions digit of 1009066000?
1
What is the ten thousands digit of 3291338591?
3
What is the hundred millions digit of 3140575307?
1
What is the tens digit of 512926930?
3
What is the ten thousands digit of 21509727?
0
What is the hundred thousands digit of 2355088860?
0
What is the hundred thousands digit of 4366049530?
0
What is the millions digit of 37534288?
7
What is the tens digit of 912080480?
8
What is the thousands digit of 124068622?
8
What is the ten millions digit of 232545268?
3
What is the ten millions digit of 136004708?
3
What is the tens digit of 419715691?
9
What is the ten millions digit of 439415441?
3
What is the ten thousands digit of 3910791020?
9
What is the thousands digit of 1206978318?
8
What is the tens digit of 58026228?
2
What is the thousands digit of 18946501?
6
What is the millions digit of 46289911?
6
What is the thousands digit of 464621870?
1
What is the thousands digit of 1180237726?
7
What is the hundred thousands digit of 592102253?
1
What is the millions digit of 797001829?
7
What is the hundreds digit of 28781930?
9
What is the ten millions digit of 28225092?
2
What is the millions digit of 19310372?
9
What is the thousands digit of 33925082?
5
What is the millions digit of 462602404?
2
What is the millions digit of 235894860?
5
What is the ten thousands digit of 234324499?
2
What is the ten thousands digit of 123756704?
5
What is the tens digit of 1152009657?
5
What is the hundred thousands digit of 80570085?
5
What is the hundred millions digit of 287692837?
2
What is the thousands digit of 872252004?
2
What is the units digit of 3039346060?
0
What is the units digit of 29263100?
0
What is the units digit of 2578119165?
5
What is the ten millions digit of 135668170?
3
What is the tens digit of 71103320?
2
What is the thousands digit of 872544776?
4
What is the units digit of 66713116?
6
What is the tens digit of 1186884603?
0
What is the tens digit of 760935096?
9
What is the tens digit of 114830689?
8
What is the ten millions digit of 86083755?
8
What is the ten millions digit of 2031267415?
3
What is the ten thousands digit of 486616950?
1
What is the hundreds digit of 84389331?
3
What is the hundred thousands digit of 930916770?
9
What is the ten millions digit of 3145715924?
4
What is the millions digit of 38941323?
8
What is the ten thousands digit of 388116415?
1
What is the hundred thousands digit of 34996293?
9
What is the ten thousands digit of 552185990?
8
What is the units digit of 490118145?
5
What is the thousands digit of 1381633890?
3
What is the tens digit of 46829223?
2
What is the thousands digit of 905976517?
6
What is the hundred thousands digit of 44297568?
2
What is the hundred thousands digit of 193059733?
0
What is the hundred thousands digit of 3662065700?
0
What is the thousands digit of 42262083?
2
What is the hundreds digit of 14467120?
1
What is the tens digit of 45281409?
0
What is the ten millions digit of 254087893?
5
What is the ten thousands digit of 17695686?
9
What is the ten thousands digit of 42378547?
7
What is the hundred millions digit of 2838021003?
8
What is the millions digit of 43939485?
3
What is the millions digit of 3343768?
3
What is the hundred thousands digit of 34500873?
5
What is the hundreds digit of 138704505?
5
What is the units digit of 458691056?
6
What is the hundred thousands digit of 269530253?
5
What is the thousands digit of 1804956313?
6
What is the units digit of 1144775196?
6
What is the hundred thousands digit of 55686850?
6
What is the hundred thousands digit of 155946933?
9
What is the tens digit of 5104834753?
5
What is the hundreds digit of 1688858565?
5
What is the hundreds digit of 7833253?
2
What is the hundred millions digit of 4023451515?
0
What is the hundreds digit of 3009200809?
8
What is the hundreds digit of 51041437?
4
What is the ten thousands digit of 49007156?
0
What is the thousands digit of 249531214?
1
What is the units digit of 905709762?
2
What is the tens digit of 165490949?
4
What is the hundred thousands digit of 39307413?
3
What is the tens digit of 675557749?
4
What is the ten thousands digit of 656667307?
6
Wha